 Let g be -2*(4 - (-6)/(-3)). Let j = g + 31. Calculate the remainder when j is divided by u.
12
Let c(i) be the second derivative of -i**4/12 - 5*i**3/3 - 5*i**2/2 + i. Calculate the remainder when 4/12 + -3*(-550)/45 is divided by c(-4).
18
Let m(l) = 13*l**2 + 2*l - 1. Let d be m(1). Let q be (-1368)/(-14) + 4/d. Suppose 2*i - 4*i = -q. What is the remainder when i is divided by 25?
24
Suppose -23 = 3*c - 74. What is the remainder when 31 is divided by c?
14
Let v be (-5)/(-10)*198/3. Suppose -2*u + 5*u - v = 0. What is the remainder when 40 is divided by u?
7
Suppose -c = -3*c - 16. Calculate the remainder when 5/20 + (-358)/c is divided by 24.
21
Let f = -8 + 27. Calculate the remainder when 72 is divided by f.
15
Suppose 62 = -4*x - 4*y + 162, 3*x = 5*y + 35. Suppose -4*d + 0*s - 2*s = -22, 0 = -4*s - x. What is the remainder when 15 is divided by d?
7
Let v be 2 + 1*39/3. Suppose -7*i + 2*i = -v. What is the remainder when 9 is divided by i?
0
Suppose 2 = -f + 7. Suppose 2*z - 11 = f. Calculate the remainder when 30 is divided by z.
6
Suppose -14*q + 189 = -679. Calculate the remainder when q is divided by 21.
20
Suppose 2*z - 202 = -4*v, 3*z = -5*v - z + 254. Suppose -2*m - m + 51 = 0. Calculate the remainder when v is divided by m.
16
Let c be ((-15)/(-4))/((-3)/(-12)). Suppose -3 = -2*d + c. Suppose 2*t - 4 + 8 = 0, 2*t - 48 = -2*k. Calculate the remainder when k is divided by d.
8
Let k = 22 + -12. Let y = 5 - k. Let a(q) = q**3 + 5*q**2 - q + 4. What is the remainder when a(y) is divided by 5?
4
Let l = -102 + 145. Calculate the remainder when l is divided by 5 - 2 - (-16 + 4).
13
Let d = 2 + -2. Suppose j = 2 - d. What is the remainder when 49/28 + 2/8 is divided by j?
0
Suppose 0 = -4*a + 8*a - 404. Calculate the remainder when a is divided by 26.
23
Let c = 1 - -1. Suppose 0 = -0*i - c*i - d + 25, 0 = -4*i - d + 51. What is the remainder when 38 is divided by i?
12
Suppose 4*k = s + 5, s = -k - 0*k. Let x(y) = -2*y - 1. Calculate the remainder when x(-2) is divided by k.
0
Calculate the remainder when -1*(-1)/(3/129) is divided by 16.
11
Let m(j) = -j**3 + 7*j**2 + j + 7. Let k be m(7). Suppose 42 = 4*g - k. Calculate the remainder when g is divided by 8.
6
Suppose -y - 72 = -3*y. Calculate the remainder when y is divided by 18/(-27)*39/(-2).
10
What is the remainder when 52 is divided by 4/(-3)*324/(-24)?
16
Calculate the remainder when 28 is divided by 10*12*10/75.
12
Let s(j) = -2*j + 14 - j + 2*j. What is the remainder when s(-6) is divided by 11?
9
Suppose 0 = -3*i + 1 + 5. Suppose -6*g + 80 = -i*g. What is the remainder when g is divided by 7?
6
Let q(s) = -s**3 - 4*s**2 + 4*s - 7. Let z = -18 + 32. Calculate the remainder when q(-6) is divided by z.
13
Suppose 24 = n + 3*n. Let x(j) = -21*j + 1. Let z be x(-3). Calculate the remainder when ((-6)/(-4))/(6/z) is divided by n.
4
What is the remainder when 116 is divided by ((-4)/(-8))/(2/(-6))*-26?
38
Let f be ((-20)/16)/(4/(-16)). Let u(s) = -s**2 + 7*s. Let o be u(7). Suppose f*n - 64 + 14 = o. Calculate the remainder when 19 is divided by n.
9
Let o(y) = y + 4. Let p be o(-7). Calculate the remainder when p + (-2)/4*-148 is divided by 24.
23
Let z = -25 - -54. Calculate the remainder when z is divided by 1/(46/(-20) - -2)*-3.
9
Suppose -3*b - 3*m = -b - 30, -3*m + 48 = 4*b. What is the remainder when 10/(1*2/4) is divided by (7 - 3) + (b - 2)?
9
Let z be (20/(-6) + -1)*6. Let q = -37 - z. Let c = 21 + q. Calculate the remainder when 18 is divided by c.
8
Suppose 5*b - 37 = g - 7, 55 = 5*b + 4*g. Calculate the remainder when 41 is divided by b.
6
Calculate the remainder when 145 is divided by 0 + (3/(-6))/((-2)/292).
72
Let s(u) = -3*u. Let p be s(-6). Calculate the remainder when 34 is divided by p*(0 + 3 - 2).
16
Let h be 56/10 + 2/5. Suppose -h = 2*s - 10. Calculate the remainder when 3 is divided by s.
1
Let q = -6 + 9. Suppose g + 25 = -q*v + 60, 5*g = 3*v + 85. What is the remainder when 58 is divided by g?
18
Suppose -140 = -3*o - 38. Let t(x) = x - 1. Calculate the remainder when o is divided by t(13).
10
Let p(c) be the first derivative of -c**2 + c + 0*c**3 - 2 + 9/4*c**4. Calculate the remainder when 15 is divided by p(1).
7
Let d(k) = -2*k**3 + 2*k**2 + 3*k - 4. Calculate the remainder when d(-3) is divided by 12.
11
Suppose -2*w = -4*w + 12. Calculate the remainder when 16 is divided by w.
4
Suppose 16 + 12 = b + 5*h, -3*b + 101 = -2*h. What is the remainder when b is divided by 9?
6
Let h = 1 + 2. Suppose 4*j + d - 6*d = -17, 0 = 5*j + d - 15. Calculate the remainder when h is divided by 2*j/(-2)*-1.
1
Let s(h) = 4*h - 1. Let v be s(-1). What is the remainder when 9 is divided by -4*(50/8)/v?
4
Suppose 8 = 34*t - 33*t. Calculate the remainder when 42 is divided by t.
2
Let s(h) = 2*h**3 - 4*h**2 + 5*h - 3. What is the remainder when s(3) is divided by (6/9)/((-2)/(-24))?
6
What is the remainder when 8 is divided by (7/3)/((-13)/(-3) - 4)?
1
Let v(b) be the first derivative of b**2 - 6*b - 2. Let p = 15 - 14. Calculate the remainder when v(4) is divided by p.
0
Suppose 0*b + 24 = 4*b. Suppose -z = 4*z + t - 53, -2*z + 14 = 4*t. Calculate the remainder when z is divided by b.
5
Let l = 34 - 25. Calculate the remainder when 16 is divided by l.
7
Let y(m) = m**3 - 4*m**2 - m - 1. Calculate the remainder when y(5) is divided by 7.
5
Let u(r) = -3*r**3 - 12*r**2 + 11*r - 8. Let f(z) = z**3 - 1. Let j(h) = -4*f(h) - u(h). What is the remainder when j(11) is divided by 5?
2
Let o(w) = 8*w - 7. Let n(m) = 8*m - 7. Let h(b) = -2*n(b) + 3*o(b). Suppose -j + 36 = 3*j. Calculate the remainder when h(j) is divided by 22.
21
Let i = 51 + -31. Let a = -87 + 126. What is the remainder when a is divided by i?
19
Let s(a) = -3*a - 5. Let b(z) = -z - 2. Let y(x) = 9*b(x) - 4*s(x). Suppose 39*v = 34*v + 15. Calculate the remainder when 31 is divided by y(v).
9
Calculate the remainder when 7 is divided by (8/5)/((-4)/(-10)).
3
Let k(m) = m**3 + m**2 + 17. Calculate the remainder when k(0) is divided by 7.
3
Suppose 0 = 2*f - 6*m + 3*m - 79, 3*f = 5*m + 117. Let o = f - 23. Let n(u) = 4*u + 12. What is the remainder when n(7) is divided by o?
19
Suppose 14*h - 11*h - 48 = 0. What is the remainder when 42 is divided by h?
10
Suppose 0 = -2*z - 0 + 2, -16 = -5*l + 4*z. What is the remainder when 10 is divided by l/5*15/2?
4
Suppose 0 = -d + 6*d + 2*h - 142, 2*d = 2*h + 54. Suppose -g = -2*k + 25, 3*k - 2*g = 3*g + 55. What is the remainder when d is divided by k?
8
Let t(r) = 4*r + 1. Let x be t(4). Suppose 2*a - x = 1. Calculate the remainder when 26 is divided by a.
8
Let m(f) = 10*f - 2. Let c be ((-12)/8)/((-3)/4). Let b be m(c). Suppose 44 = k + j, 3*j = -6 + b. Calculate the remainder when k is divided by 14.
12
Let w(n) = -9*n**3. Let a be w(-1). What is the remainder when ((-62)/(-3))/(6/a) is divided by 11?
9
Let c(i) = -3*i + 21. Calculate the remainder when 113 is divided by c(-6).
35
Suppose -29 = -3*b + f, 11 = b + 4*f - 5*f. Suppose 0 = -5*s + 15 + 10. What is the remainder when b is divided by s?
4
Suppose -13 = u - 2*u - 5*o, -23 = -u + 5*o. Let l(b) = -b**3 + 2*b**2 + 2*b - 2. What is the remainder when u is divided by l(-2)?
8
Calculate the remainder when 17 is divided by ((-5)/4)/((-4)/32).
7
Let y(r) = 8*r + 4. Let o be y(6). Let z = -29 + o. What is the remainder when z is divided by 12?
11
Suppose -40*o + 40 = -35*o. Calculate the remainder when 30 is divided by o.
6
Let x(s) = s**3 + 4*s**2 - 4*s + 1. Suppose d + 43 = 3*h + 13, 2*h - 27 = 3*d. Calculate the remainder when x(-4) is divided by h.
8
Let r(g) = g**2 - 12*g - 34. What is the remainder when r(-6) is divided by (57/6)/((-1)/(-2))?
17
Suppose -4*m - 336 = -0*m. Let q = m - -128. Calculate the remainder when q is divided by 15.
14
Suppose -d - 8 = -3*f, -6*f + 3*f - 8 = -5*d. Let g = -2 + f. Calculate the remainder when 7 is divided by g.
1
Calculate the remainder when 18 is divided by 10*(-2)/(-8)*4.
8
Let h be -1*1 + 3 + 30. Suppose 0 = -3*u - h + 80. What is the remainder when 29 is divided by u?
13
Suppose z - 34 = -4*x, -4*z - 2*x = -3*z - 34. Let y = 164 - 114. Let h = y - z. Calculate the remainder when 30 is divided by h.
14
Let p(k) = 4*k + 1. Let v be p(1). Suppose 0 = 2*w + 5*i - 6, 4 + 